28197?
6
What is the ten millions digit of 161465603?
6
What is the hundred thousands digit of 1831870841?
8
What is the thousands digit of 67837095?
7
What is the tens digit of 51142015?
1
What is the units digit of 1085471943?
3
What is the tens digit of 9444961?
6
What is the ten millions digit of 842556880?
4
What is the units digit of 50857442?
2
What is the millions digit of 510321048?
0
What is the millions digit of 447401800?
7
What is the units digit of 1177275137?
7
What is the units digit of 4401130193?
3
What is the thousands digit of 46602878?
2
What is the millions digit of 81408410?
1
What is the billions digit of 1422661689?
1
What is the hundred thousands digit of 356178380?
1
What is the tens digit of 279283921?
2
What is the hundred millions digit of 487539197?
4
What is the tens digit of 27578671?
7
What is the hundred thousands digit of 81797538?
7
What is the ten millions digit of 97103353?
9
What is the thousands digit of 182794454?
4
What is the units digit of 35884879?
9
What is the hundreds digit of 162907030?
0
What is the thousands digit of 2132713026?
3
What is the ten millions digit of 287240373?
8
What is the units digit of 56873618?
8
What is the tens digit of 16844525?
2
What is the hundred thousands digit of 1824932347?
9
What is the ten millions digit of 127818871?
2
What is the thousands digit of 4502032932?
2
What is the hundred thousands digit of 12441794?
4
What is the tens digit of 28024327?
2
What is the ten thousands digit of 110263442?
6
What is the thousands digit of 96676555?
6
What is the ten thousands digit of 19261439?
6
What is the ten millions digit of 29733192?
2
What is the hundreds digit of 111530506?
5
What is the units digit of 69316550?
0
What is the tens digit of 50904524?
2
What is the millions digit of 292304446?
2
What is the thousands digit of 5749621100?
1
What is the hundred thousands digit of 2364878441?
8
What is the hundred thousands digit of 3083747271?
7
What is the ten thousands digit of 4382101?
8
What is the ten thousands digit of 49497667?
9
What is the millions digit of 3018911?
3
What is the hundred thousands digit of 40636613?
6
What is the units digit of 1313339941?
1
What is the ten thousands digit of 422629451?
2
What is the tens digit of 283899354?
5
What is the hundreds digit of 40527237?
2
What is the ten thousands digit of 650587037?
8
What is the hundreds digit of 189532299?
2
What is the tens digit of 81513718?
1
What is the tens digit of 80988033?
3
What is the hundred thousands digit of 45492568?
4
What is the ten thousands digit of 1004200591?
0
What is the millions digit of 899774146?
9
What is the thousands digit of 231763343?
3
What is the thousands digit of 7065775?
5
What is the units digit of 325733598?
8
What is the hundred millions digit of 1145544832?
1
What is the ten thousands digit of 2244065284?
6
What is the ten millions digit of 1661431227?
6
What is the units digit of 74835370?
0
What is the thousands digit of 528632234?
2
What is the hundreds digit of 1378603263?
2
What is the ten thousands digit of 599238576?
3
What is the units digit of 269027198?
8
What is the units digit of 1331975603?
3
What is the millions digit of 1162561675?
2
What is the millions digit of 24590008?
4
What is the ten thousands digit of 1795537432?
3
What is the millions digit of 56289052?
6
What is the hundred thousands digit of 3817022766?
0
What is the units digit of 149002590?
0
What is the ten millions digit of 1448684609?
4
What is the ten thousands digit of 116204745?
0
What is the ten thousands digit of 7555948491?
4
What is the ten millions digit of 10192150?
1
What is the millions digit of 30165876?
0
What is the hundreds digit of 98752488?
4
What is the units digit of 2478189847?
7
What is the millions digit of 27419215?
7
What is the units digit of 455359762?
2
What is the hundred thousands digit of 79864985?
8
What is the hundreds digit of 167399155?
1
What is the millions digit of 70562742?
0
What is the units digit of 5250221243?
3
What is the tens digit of 43624359?
5
What is the ten thousands digit of 87512781?
1
What is the ten thousands digit of 655749978?
4
What is the ten thousands digit of 3901682?
0
What is the tens digit of 1700404896?
9
What is the tens digit of 97502537?
3
What is the hundreds digit of 455573742?
7
What is the units digit of 60073204?
4
What is the millions digit of 382078392?
2
What is the tens digit of 37957803?
0
What is the ten thousands digit of 302584311?
8
What is the ten thousands digit of 261187684?
8
What is the hundreds digit of 375657563?
5
What is the units digit of 124367329?
9
What is the hundred thousands digit of 51056196?
0
What is the units digit of 3673245009?
9
What is the billions digit of 2911290997?
2
What is the ten thousands digit of 563284443?
8
What is the hundreds digit of 886496284?
2
What is the ten millions digit of 3334726295?
3
What is the hundred millions digit of 3919777375?
9
What is the ten millions digit of 167814869?
6
What is the ten thousands digit of 5318178?
1
What is the hundred millions digit of 318475566?
3
What is the thousands digit of 190394661?
4
What is the ten millions digit of 28020374?
2
What is the billions digit of 3179699958?
3
What is the millions digit of 2790865455?
0
What is the ten millions digit of 24287268?
2
What is the ten millions digit of 2965453680?
6
What is the thousands digit of 180819019?
9
What is the billions digit of 1987309606?
1
What is the billions digit of 2454770474?
2
What is the hundreds digit of 10451299?
2
What is the ten millions digit of 16318183?
1
What is the thousands digit of 18867117?
7
What is the units digit of 2752106061?
1
What is the thousands digit of 6107284830?
4
What is the hundreds digit of 110966850?
8
What is the tens digit of 198710352?
5
What is the ten millions digit of 859973889?
5
What is the hundreds digit of 36080927?
9
What is the ten millions digit of 59539237?
5
What is the ten millions digit of 5082855350?
8
What is the hundred thousands digit of 321362970?
3
What is the ten thousands digit of 5219771252?
7
What is the hundreds digit of 948052209?
2
What is the tens digit of 2964445778?
7
What is the hundred thousands digit of 413696737?
6
What is the thousands digit of 85652348?
2
What is the hundreds digit of 64087919?
9
What is the hundred thousands digit of 28571487?
5
What is the units digit of 66892873?
3
What is the ten thousands digit of 441389507?
8
What is the millions digit of 34449513?
4
What is the tens digit of 1983914440?
4
What is the millions digit of 3027467098?
7
What is the millions digit of 1576666313?
6
What is the units digit of 196713879?
9
What is the ten thousands digit of 80722140?
2
What is the thousands digit of 82672259?
2
What is the ten millions digit of 272835034?
7
What is the ten millions digit of 174569102?
7
What is the hundreds digit of 34773741?
7
What is the ten thousands digit of 372902427?
0
What is the hundred thousands digit of 1555798881?
7
What is the ten thousands digit of 23319977?
1
What is the ten thousands digit of 2393468528?
6
What is the ten thousands digit of 30631881?
3
What is the billions digit of 3689150491?
3
What is the ten thousands digit of 26869103?
6
What is the tens digit of 24939037?
3
What is the thousands digit of 780960002?
0
What is the ten thousands digit of 95607518?
0
What is the hundred thousands digit of 43483286?
4
What is the millions digit of 37628822?
7
What is the hundred thousands digit of 46458541?
4
What is the hundred thousands digit of 925305328?
3
What is the tens digit of 3177522645?
4
What is the hundred millions digit of 437009042?
4
What is the hundred thousands digit of 190429583?
4
What is the hundred thousands digit of 820692755?
6
What is the hundred millions digit of 1294320059?
2
What is the tens digit of 187422031?
3
What is the thousands digit of 294398424?
8
What is the ten thousands digit of 2613941551?
4
What is the ten thousands digit of 269187034?
8
What is the thousands digit of 92458116?
8
What is the thousands digit of 1302016857?
6
What is the hundred thousands digit of 328696396?
6
What is the ten thousands digit of 1068102953?
0
What is the hundred thousands digit of 1790083535?
0
What is the millio